
Let b(p) = 454*p + 7121. What are the prime factors of b(37)?
3, 7, 17, 67
Suppose z + 31 = 28, -l = 2*z - 21910. List the prime factors of l.
2, 5479
Let z be (1 + 1 + 10)*2/6. Suppose 0 = -2*i - z*v + 810, 5*i = 6*v - 7*v + 2007. What are the prime factors of i?
401
Suppose -8700 = -9*s - s. List the prime factors of (((-39)/2)/(-13))/(9/s).
5, 29
Let x be (15/(-10))/((-6)/64). Let j(z) = -26 - 12*z + 4*z - 3 - x*z. List the prime factors of j(-7).
139
Suppose 216 = -10*l + l. List the prime factors of (-28)/l + -1 + (-3149)/(-6).
3, 5, 7
Let i(o) = -17*o**3 - 4*o**2 - 4*o - 2. Let g = -8 - -5. List the prime factors of i(g).
433
Suppose 2*d - 8 = -3*a + 1510, 2*a = 0. Suppose -d - 1449 = 3*i. What are the prime factors of (2/(-6))/(-1 + i/(-738))?
3, 41
Let x = -100 - -183. Suppose 5*z = 4*m + 380, -m - 11 = -z + x. Let q = 249 + m. List the prime factors of q.
3, 53
Suppose 0 = 2*h - 0*h - 2, 3*z - 39 = -3*h. Suppose -3*j + 60 = z*j. List the prime factors of j.
2
Let f(z) = 5*z**2 - 137*z + 196. List the prime factors of f(57).
2, 13, 83
Let t be (49/(-7))/(1/(-5)). Let n = -35 + t. Suppose -2*h - 4 = -4*h, n = -c + 5*h + 63. List the prime factors of c.
73
Suppose -5*x + 1833 = 3*c - 227, -1648 = -4*x + 2*c. Suppose -7*h - 568 = x. Let i = 217 + h. What are the prime factors of i?
7, 11
Suppose -3*q = -p - 908, -3*p - 5*q - 4480 = 2*p. Let m = -831 - p. What are the prime factors of m?
2, 17
List the prime factors of 10 - (-2 + (-14250)/2).
3, 13, 61
Let a = 91 - 86. Suppose a*n + 33 = 13, n = 4*k - 248. List the prime factors of k.
61
Let x(q) = q**3 + 2*q**2 - 11*q - 15. Let f(r) = -r**2 + 13*r - 34. Let u be f(7). What are the prime factors of x(u)?
3, 179
Suppose 0 = -5*g - q + 132, 3*g + q + q - 82 = 0. Let m(o) = o**2 - 21*o + 56. List the prime factors of m(g).
2, 3, 31
Let j(m) = -54*m - 301. Let y(w) = -2*w - 2. Let o(b) = -j(b) - 4*y(b). List the prime factors of o(22).
7, 239
Let z = 40206 + -15789. List the prime factors of z.
3, 2713
Suppose -7*a + 3*g = -10*a - 3, g = -3*a + 5. Suppose 12*v - 8*v - b - 1227 = 0, -5*v - a*b + 1521 = 0. List the prime factors of v.
2, 3, 17
Suppose -3*m + 2*m - 159 = 0. Let b be ((-2)/3)/((-8)/300). Let f = b - m. List the prime factors of f.
2, 23
Let t be (-4506)/10 - (-18)/30. Let y = t + 646. Suppose -3*l = -y - 47. List the prime factors of l.
3
Let j(f) = -17*f - 8. Let b be j(4). Let r = 107 + b. What are the prime factors of r?
31
Suppose 5*o = 5315 - 410. Let m = -594 + o. List the prime factors of m.
3, 43
Suppose o - 6*o + 620 = 0. Let n(l) = l**2 + 8*l + 63. Let c be n(-13). Let j = c - o. What are the prime factors of j?
2
Let z(h) = 4142*h**2 + 20*h - 42. What are the prime factors of z(2)?
2, 3, 11, 251
Suppose n + 0*n - 82 = -3*i, -2*n - 2*i = -144. Suppose z - n = -4*h, -h + 92 + 176 = 4*z. Let q = z - -22. What are the prime factors of q?
89
Let j = -11671 - -13860. What are the prime factors of j?
11, 199
List the prime factors of ((-186)/8)/(-12 - (-32535)/2712).
2, 31, 113
Suppose 5*z - 25 = 0, 9*z - 3536 = -2*w + 13*z. What are the prime factors of w?
2, 7, 127
Let y = 129 + -117. Suppose y*x = 5*x + 1057. List the prime factors of x.
151
Suppose 3*a - 3*m = -2*a + 431, -349 = -4*a + m. List the prime factors of a/66*(-57)/(-2).
2, 19
Suppose -26*w + 654545 = -217547. List the prime factors of w.
2, 31, 541
Let l = -73 + 101. Let x = 234 + l. What are the prime factors of x?
2, 131
List the prime factors of (-1)/(51835/(-25915) + 2).
71, 73
Suppose -12 = 2*g, -f + 2*g + 29813 = 4*g. List the prime factors of f.
5, 1193
Let p = 100313 + -70291. What are the prime factors of p?
2, 17, 883
Suppose -111 = -2*a - a. Suppose a - 13 = 2*w. Suppose 0 = -w*d + 14*d - 36. List the prime factors of d.
2, 3
Let x = -220 + 223. Suppose 0 = -k + 4*k + x*d - 102, -68 = -2*k + d. List the prime factors of k.
2, 17
Let r(a) = 130*a**2 + 50*a + 89. List the prime factors of r(-10).
12589
Let d(f) be the second derivative of 3*f**4/2 + f**3/6 + 3*f**2 - 18*f. List the prime factors of d(-5).
11, 41
Suppose 0 = 5*m - 4*z + 157, 173 - 4 = -5*m - 2*z. Let u be (2 - (-1 - m))/1. Let o = u + 91. List the prime factors of o.
61
Let b(z) = z**2 + 10*z - 1572. List the prime factors of b(-111).
3, 7, 17
Let j(y) = y**2 - 23*y - 88. Let b be j(26). List the prime factors of (385/(-5 - b))/((-2)/(-22)).
7, 11
Let w(k) = -1216 + 630 + 631 + 99*k + 33*k. What are the prime factors of w(7)?
3, 17, 19
List the prime factors of (-369505)/(-45) + (-2)/9.
3, 7, 17, 23
Suppose 4*b - l = 3*l - 6212, 4687 = -3*b - 4*l. Let w = -679 - b. List the prime factors of w.
2, 439
Let y(o) = o**3 - 18*o**2 + 46*o + 8. List the prime factors of y(28).
2, 571
Let x = 543 + -541. List the prime factors of ((0 + x)/(-4))/((-25)/20050).
401
Let b = -274 + 279. Suppose -3*k - 131 = -2*u + 1655, -b*u - 5*k + 4465 = 0. List the prime factors of u.
19, 47
Suppose 0 = 32*n - 81629 - 223139. List the prime factors of n.
2, 2381
Let m be (-2)/((-321)/(-1566) - (-12)/(-54)). Let i = m - 109. Suppose -5*c + 1057 = 2*l, 2*c - 420 = 9*l - i*l. List the prime factors of c.
211
Suppose 721*j = 651*j + 354690. List the prime factors of j.
3, 563
Let y(t) = -t**2 - 6*t - 8. Let c be y(-2). Suppose -21*m + 29*m - 2752 = c. List the prime factors of m.
2, 43
What are the prime factors of 15823478/1854 + 4/18?
3, 5, 569
Let d be (-12)/114 - (-1224)/76. Let w be (-25)/(-4) + d/(-64). Suppose -w*q - 119 = -7*q. What are the prime factors of q?
7, 17
Let n(w) be the first derivative of 2*w + 16 - 3/2*w**2 + 1/3*w**3. What are the prime factors of n(7)?
2, 3, 5
Let n = 20528 - 7274. What are the prime factors of n?
2, 3, 47
Let a be (40/(-35))/((-2)/7). Suppose s + a = 5. Suppose -r = -z + s + 33, -4*z - 2*r + 136 = 0. List the prime factors of z.
2, 17
Suppose -4*i + i = -5*x - 3780, -4*x + 2*i = 3024. List the prime factors of (-1103)/(-5) - (-13 + x/(-60)).
13, 17
Suppose -57558 = -14*h - 4666. What are the prime factors of h?
2, 1889
Suppose -27*p - 33*p + 49189 = -99971. What are the prime factors of p?
2, 11, 113
List the prime factors of 114 + (40/(-5))/(0 + 5 - 7).
2, 59
List the prime factors of ((39428/6)/(-1))/(((-169)/39)/13).
2, 9857
Let t = -38 + 139. Suppose 5*v - t - 369 = 0. List the prime factors of v.
2, 47
Let j(h) = 26402*h**2 - 40*h + 36. List the prime factors of j(1).
2, 67, 197
Let d(c) = 43*c**3 - 2*c**2 - 36*c + 231. What are the prime factors of d(6)?
3, 17, 181
Let w(n) = 113*n**2 - 4. Suppose -u + 1 = -2*u, -3 = -k + 5*u. Let r be w(k). Suppose 5*b - 546 = 2*i, 4*b = -i - 3*i + r. List the prime factors of b.
2, 5, 11
Suppose -7*m + 3*m - 2414 = -2*z, 0 = -z - 2*m + 1223. Let q = z + -505. What are the prime factors of q?
2, 5, 71
Let k be ((-5660)/(-16))/(-1 + 20/16). Suppose -24*u = -19*u - k. List the prime factors of u.
283
Let b(g) = 7*g**2 + 4*g - 8. Let c(i) = -8*i**2 - 5*i + 9. Let a(u) = 7*b(u) + 6*c(u). Let x be a(8). List the prime factors of -16 - -17 - x/(-1).
47
Let j(z) = z**3 + 23*z**2 + 12*z + 37. Let y be j(-22). Suppose -3*a + y = 4*r, 5*a - 342 = a - 5*r. List the prime factors of a.
83
Let v(o) be the first derivative of 8*o**3 - 15 + 3*o - 5/2*o**2. List the prime factors of v(2).
89
Let d be 72/(-14)*((-91)/2)/13. List the prime factors of 5039/6 + 3/d.
2, 3, 5, 7
Let x be -16*(-5)/(-45) + (-4)/18. Let u be x/2 + 3/((-3)/(-5)). Suppose 236 + 168 = u*b. List the prime factors of b.
101
Let b(h) = h**3 + 4*h**2 + 3*h - 5. Let j be ((49/(-21))/(-7))/((-1)/12). Let s be b(j). List the prime factors of (-1 - -2)/(2/s)*-24.
2, 3, 17
Suppose -17*s + 2*m + 28 = -13*s, 2*s + 4*m - 14 = 0. Suppose -906 + 4917 = s*d. List the prime factors of d.
3, 191
Let c(t) = -47*t - 77. Let p(a) = 16*a + 29. Let b(j) = -4*c(j) - 11*p(j). Suppose -7*k = -2*k - 30. What are the prime factors of b(k)?
61
Let h = 58648 + -11967. List the prime factors of h.
46681
Let p(m) = 16*m. Let u be p(9). Suppose 7*i = -5*i + u. What are the prime factors of i/(-10)*(-280)/6?
2, 7
Let z = -32749 - -64018. What are the prime factors of z?
3, 7, 1489
Let a = -37087 - -64843. Suppose -a = -32*m + 15508. List the prime factors of m.
2, 13
Let q(g) = 4*g**2 - g - 2. Let r be q(-2). What are the prime factors of (-20)/15*(-3384)/